r of 575 and 375?
25
What is the greatest common divisor of 72 and 114?
6
Calculate the highest common divisor of 33059 and 26.
13
Calculate the highest common divisor of 45 and 60.
15
Calculate the highest common factor of 189 and 658.
7
What is the greatest common factor of 5764 and 176?
44
Calculate the highest common divisor of 252 and 864.
36
What is the highest common divisor of 48 and 7248?
48
Calculate the highest common divisor of 4420 and 1326.
442
What is the highest common divisor of 1078 and 98?
98
What is the highest common divisor of 4388 and 4?
4
What is the greatest common divisor of 7232 and 64?
64
What is the greatest common divisor of 33 and 12?
3
Calculate the highest common factor of 27 and 576.
9
Calculate the greatest common divisor of 99 and 9.
9
What is the highest common factor of 69 and 1173?
69
Calculate the highest common divisor of 22 and 6446.
22
Calculate the greatest common factor of 96 and 72.
24
Calculate the highest common factor of 22 and 1166.
22
What is the greatest common factor of 16 and 226?
2
What is the highest common factor of 2484 and 184?
92
What is the greatest common divisor of 21 and 196?
7
Calculate the highest common divisor of 4608 and 108.
36
Calculate the highest common factor of 151 and 15251.
151
What is the highest common divisor of 9088 and 128?
128
Calculate the greatest common factor of 76 and 68.
4
What is the greatest common factor of 162 and 1674?
54
What is the greatest common divisor of 80 and 16?
16
Calculate the highest common factor of 33940 and 20.
20
What is the highest common divisor of 672 and 21?
21
Calculate the greatest common divisor of 47 and 7379.
47
What is the highest common factor of 1323 and 49?
49
What is the highest common factor of 150 and 20?
10
What is the highest common factor of 54 and 9855?
27
Calculate the highest common divisor of 288 and 1536.
96
What is the greatest common divisor of 224 and 1888?
32
What is the highest common factor of 34 and 136?
34
What is the highest common factor of 9 and 5043?
3
What is the highest common factor of 32238 and 324?
162
Calculate the highest common factor of 266 and 14.
14
Calculate the highest common factor of 984 and 123.
123
What is the greatest common factor of 1770 and 8?
2
What is the greatest common factor of 1585 and 13948?
317
What is the greatest common divisor of 300 and 5025?
75
Calculate the greatest common divisor of 22 and 154.
22
Calculate the highest common factor of 6 and 189.
3
What is the highest common factor of 219 and 24?
3
Calculate the highest common factor of 20 and 110.
10
What is the highest common divisor of 148 and 5254?
74
What is the greatest common factor of 104 and 8?
8
What is the greatest common factor of 168 and 264?
24
Calculate the greatest common factor of 287 and 3280.
41
What is the highest common divisor of 9555 and 35?
35
What is the highest common factor of 26 and 858?
26
What is the highest common factor of 135 and 90?
45
What is the highest common factor of 38 and 12046?
38
What is the highest common divisor of 51 and 10625?
17
Calculate the greatest common factor of 5362 and 406.
14
What is the greatest common divisor of 3944 and 928?
232
What is the highest common divisor of 540 and 20?
20
What is the highest common factor of 611 and 13?
13
Calculate the highest common factor of 84 and 1788.
12
Calculate the highest common factor of 6888 and 273.
21
What is the highest common factor of 231 and 84?
21
What is the highest common factor of 336 and 48?
48
What is the greatest common divisor of 8 and 184?
8
Calculate the greatest common factor of 17 and 272.
17
Calculate the greatest common divisor of 16 and 304.
16
Calculate the highest common factor of 23 and 1334.
23
What is the highest common factor of 1134 and 238?
14
What is the greatest common divisor of 105 and 15?
15
What is the greatest common factor of 6168 and 192?
24
What is the highest common divisor of 528 and 704?
176
Calculate the highest common factor of 36736 and 123.
41
Calculate the greatest common factor of 25 and 2025.
25
Calculate the greatest common factor of 1353 and 123.
123
Calculate the highest common factor of 49 and 1225.
49
What is the highest common factor of 59 and 1180?
59
Calculate the greatest common divisor of 1457 and 31.
31
What is the greatest common divisor of 1824 and 684?
228
What is the highest common divisor of 18 and 11106?
18
Calculate the highest common divisor of 2829 and 23.
23
Calculate the greatest common factor of 126 and 306.
18
Calculate the greatest common factor of 725 and 116.
29
Calculate the highest common factor of 36 and 2844.
36
What is the greatest common divisor of 91017 and 27?
27
What is the highest common divisor of 279 and 5766?
93
What is the greatest common factor of 1485 and 22?
11
Calculate the greatest common factor of 496 and 62.
62
What is the greatest common divisor of 60 and 84?
12
Calculate the greatest common divisor of 40 and 1130.
10
What is the greatest common divisor of 1122 and 204?
102
Calculate the highest common divisor of 117 and 1989.
117
What is the greatest common factor of 57 and 9633?
57
Calculate the greatest common divisor of 164 and 287.
41
Calculate the highest common factor of 153 and 34.
17
Calculate the highest common factor of 120 and 7275.
15
Calculate the greatest common factor of 52 and 12987.
13
Calculate the highest common divisor of 210 and 1995.
105
What is the highest common factor of 1807 and 417?
139
Calculate the highest common divisor of 7 and 33089.
7
What is the greatest common factor of 125 and 4225?
25
What is the highest common divisor of 5240 and 80?
40
What is the greatest common factor of 91 and 169?
13
What is the greatest common factor of 1495 and 345?
115
What is the greatest common divisor of 175 and 125?
25
What is the greatest common divisor of 78 and 403?
13
What is the greatest common divisor of 50 and 25?
25
Calculate the greatest common divisor of 21 and 8407.
7
Calculate the greatest common factor of 99 and 176.
11
Calculate the highest common factor of 68976 and 9.
9
What is the highest common factor of 875 and 1715?
35
Calculate the highest common divisor of 782 and 68.
34
What is the greatest common divisor of 25029 and 103?
103
What is the greatest common factor of 4771 and 91?
13
What is the highest common factor of 1140 and 1740?
60
What is the highest common factor of 177 and 3422?
59
Calculate the greatest common divisor of 102 and 238.
34
Calculate the greatest common factor of 46 and 989.
23
Calculate the greatest common divisor of 525 and 300.
75
Calculate the greatest common factor of 35 and 20.
5
What is the highest common factor of 4576 and 616?
88
What is the greatest common divisor of 583 and 212?
53
What is the greatest common factor of 57 and 21?
3
What is the highest common divisor of 468 and 26?
26
What is the highest common divisor of 10 and 130?
10
What is the greatest common factor of 475 and 1375?
25
Calculate the greatest common divisor of 99 and 9.
9
What is the greatest common divisor of 4 and 1280?
4
Calculate the greatest common factor of 242 and 154.
22
Calculate the highest common factor of 451 and 22.
11
Calculate the greatest common factor of 208 and 13.
13
What is the highest common factor of 150 and 735?
15
What is the greatest common divisor of 707 and 5353?
101
Calculate the greatest common factor of 24805 and 11.
11
What is the highest common divisor of 133 and 14?
7
Calculate the greatest common factor of 8 and 792.
8
Calculate the highest common divisor of 110 and 20.
10
What is the greatest common factor of 390 and 60?
30
What is the greatest common factor of 2874 and 12?
6
Calculate the highest common divisor of 1961 and 259.
37
What is the highest common divisor of 37 and 1?
1
What is the highest common factor of 840 and 1092?
84
Calculate the highest common factor of 5 and 5.
5
Calculate the highest common divisor of 6465 and 135.
15
Calculate the greatest common factor of 28 and 35.
7
Calculate the greatest common factor of 689 and 53.
53
What is the greatest common factor of 748 and 308?
44
Calculate the greatest common factor of 4760 and 40.
40
What is the greatest common divisor of 17 and 6?
1
What is the greatest common divisor of 6001